= x**2 - 3*x - 3. Let d be o(7). Let b be (-30)/d*10/(-4). Suppose 0*w - 72 = -b*w. List the prime factors of w.
2, 3
Let t be 126/12*(-4)/(-6). Suppose t*o - 3*o - 60 = 0. Suppose -5*q + 50 = o. List the prime factors of q.
7
Let x(h) = h - 2. Let f be x(6). Suppose -f*v + w + 10 = 0, 2*v = -v + 4*w + 14. Suppose 3*n - 18 = 3*z, -n + 5*z = v*n - 16. What are the prime factors of n?
7
Let n(u) = -u**3 + 11*u**2 + 5*u - 27. List the prime factors of n(5).
2, 37
Let h(r) = 3*r - 7. Suppose -10 = 3*w + n, 4*w + 10 = -2*n - 6. Let l = 8 + w. What are the prime factors of h(l)?
11
Suppose -4*j + 239 - 48 = q, 4*q = 12. Suppose 4*l - j = -11. What are the prime factors of l?
3
Let c be (2/4)/((-5)/(-50)). Suppose 0*g + 8 = 3*w - c*g, -2 = -5*w - 3*g. What are the prime factors of 13/w*(-2 - -3)?
13
Let x(m) be the first derivative of -m**3/3 - 6*m**2 - m + 3. What are the prime factors of x(-11)?
2, 5
Let w = 53 - 31. What are the prime factors of w?
2, 11
Suppose -3*d - 99 = -3*u, 2*u - 2*d = 3*u - 42. What are the prime factors of (-4)/18 - (-584)/u?
2
Let s = 84 + -123. Let p = -25 - s. What are the prime factors of p?
2, 7
Let d(r) = 2*r**2 - 3*r + 1. Let o(a) = a - 1. Let t(l) = d(l) + 5*o(l). Let p be t(3). Let v = p + -4. What are the prime factors of v?
2
Let m(p) = -p**2 + 10*p + 3. List the prime factors of m(6).
3
Let w(m) = -4*m**3 - m**2. Suppose 0 = 2*v + 2 - 0. What are the prime factors of w(v)?
3
Let x = 4 - 6. List the prime factors of -1 + (-2)/x*13.
2, 3
Suppose 0*m + 1248 = 12*m. List the prime factors of m.
2, 13
Let v(u) = 7*u**2 - 3*u. Let f be v(3). Suppose m + 5*w - 17 = 0, -3*m - 2*w = 2*m - 16. Suppose 2*n = -0*n, m*n + f = 3*h. What are the prime factors of h?
2, 3
Let s be (-6)/(-5)*(-1 - -6). Suppose 0*o + 3*o - s = 0. Suppose -5 = o*g - 17. What are the prime factors of g?
2, 3
Let h(o) = o - 1. Let d be h(3). Suppose -d*u + u = -14. Suppose 2*n - r - u = 3*r, 0 = 4*n + 5*r - 2. What are the prime factors of n?
3
Suppose 1794 = 5*h - u, 3*h + h = -3*u + 1420. What are the prime factors of h?
2, 179
Let a = 24 + 6. Let k = a + -17. List the prime factors of k.
13
Let n(m) be the second derivative of m**3/6 + 13*m**2 + m. Let h be n(0). Suppose 19 + h = 5*t. What are the prime factors of t?
3
Let n(c) = -c**3 - 6*c**2 + 9*c + 9. Let u be n(-7). Let s = 9 + u. List the prime factors of s.
2
Suppose 1 - 4 = -j. Suppose 7 = 2*l + 2*p - 3*p, -j*l + 21 = -5*p. Let v(c) = 2*c**3 - 2*c**2 - 3*c + 3. What are the prime factors of v(l)?
5
Let z(h) = h**2 + 3*h + 5. Let x be z(-3). Suppose x*g + g = 246. What are the prime factors of g?
41
Suppose -1 = -3*i - 7. List the prime factors of ((-27)/18)/(i/4).
3
Let s(n) = n**2 - 12*n + 16. Let h be s(11). Suppose -j + h*j - 14 = 2*a, 0 = -3*j - 3*a + 15. What are the prime factors of j?
2
Let m(l) = -l**2 + 17*l - 25. What are the prime factors of m(12)?
5, 7
Let d = 1 - -34. List the prime factors of d.
5, 7
Let k be 1*(3 + -7)*1. Let a(u) = -4*u - 3. List the prime factors of a(k).
13
Suppose 237 = 7*p - 421. What are the prime factors of p?
2, 47
Suppose 0 = -4*y + 5 + 7. What are the prime factors of (1/(-2))/(y/(-18))?
3
Let x(j) be the first derivative of 8*j**3/3 - j**2/2 - j - 6. List the prime factors of x(2).
29
List the prime factors of 2/(-5) + 306/15.
2, 5
Suppose -13*a = a - 1442. List the prime factors of a.
103
Let f = -253 - -382. List the prime factors of f.
3, 43
What are the prime factors of 3 + -6 + 5 - 122/(-2)?
3, 7
Let h = -11 - -8. Let x be (-1)/((-1)/(-4)) - h. What are the prime factors of (-3 - x) + (28 - 9)?
17
Suppose 4*h = -3*l + 476, 4*l - 4*h - 353 = 263. What are the prime factors of l?
2, 3, 13
Let s(j) = -j**3 + j + 3. Let z be s(0). Suppose -4*t = 4*l - 40, 3*t + 14 = z*l - 34. List the prime factors of l.
13
Suppose -2*r + 1 - 13 = 0. Let j(s) = -3*s - 8. What are the prime factors of j(r)?
2, 5
Let n(w) = -w**3 - 2*w**2 - 2*w. Let g be n(-2). Suppose -7*q + 45 = -g*q. What are the prime factors of q?
3, 5
Suppose -3*s - 7 = 5. What are the prime factors of (1/s)/((-1)/68)?
17
Let f = -24 - -34. Let r = f + -6. Let d(i) = 4*i - 5. What are the prime factors of d(r)?
11
Suppose 7 = f - 0*f. Suppose 0 = 2*q + 4, -g - 3*q + q = -12. Let n = g - f. What are the prime factors of n?
3
Let d = 28 - 23. What are the prime factors of d?
5
Suppose 4*c = -2*f + 106, 2*f - 2*c = c + 141. What are the prime factors of f?
3, 7
Let k = -3 - 13. Suppose -2*n = -5*n + 24. What are the prime factors of 4/k + 34/n?
2
Let z(r) = -r**2 - r + 38. List the prime factors of z(0).
2, 19
Let x be 38/6 + 4/(-12). Suppose i + 3*g = 8, x*i - 3*i = -5*g + 20. What are the prime factors of i?
5
Let s(d) be the third derivative of d**4/6 - d**3/2 + d**2. Suppose 0 = 16*l - 20*l + 12. List the prime factors of s(l).
3
Let x = 14 + 36. List the prime factors of x.
2, 5
Let q(i) = -i - 4. Let y be q(-7). Suppose 0 = -2*b - y*j + 55, -3*b + 85 = -j + 6*j. List the prime factors of b.
2, 5
Suppose 0 = -0*q + 2*q. Suppose 4*x - 4 - 24 = q. List the prime factors of x.
7
Let h = -3 + -9. Suppose r - 3*r = 46. Let f = h - r. What are the prime factors of f?
11
Let m be (1/3)/(6/18). Suppose 3*p = p - 22. What are the prime factors of 1 + (-1 - m*p)?
11
Suppose -5 = -5*q - 4*n, -2*q + 30 = -2*n + 10. Suppose q*t - 35 = 10. What are the prime factors of t?
3
Let y(a) = 5*a**2 + a. List the prime factors of y(2).
2, 11
Suppose -3*j + 5*j = 4. What are the prime factors of j?
2
What are the prime factors of (144/60)/((-2)/(-35))?
2, 3, 7
Let j = -152 - -336. Suppose 8*v - 3*v + 2*h = j, -4*h + 8 = 0. Suppose -3*d + 6*d - v = 0. List the prime factors of d.
2, 3
Let u(x) = 3*x**2 - 5*x + 2. Suppose -2*n = 6, -3*s + 27 = -5*s - 3*n. Let p be (s/(-4))/3*4. List the prime factors of u(p).
2, 7
Let k = -20 - -75. List the prime factors of k.
5, 11
Let x(n) be the second derivative of -n**5/20 + n**4/4 + 2*n**3/3 + n**2 + 7*n. What are the prime factors of x(4)?
2
Suppose -4*h = -h - 36. Suppose 4*p - 5*z + 4 = 0, p + 0*z + h = 4*z. What are the prime factors of p?
2
Suppose 0 = -m + 4*m - 4*b - 15, -3*b = 3*m - 15. Let w = m - 4. Let j = w - -23. List the prime factors of j.
2, 3
Let o(i) = i**3 + 7*i**2 + i + 8. Suppose 2*j = -10 - 4. Let a be o(j). List the prime factors of a + (-42)/(-1 + -2).
3, 5
Suppose -2*d - 12 = -5*d. Suppose d*o - 38 = 6. Suppose -z - 4*j + 8 = 1, o = 4*z - j. What are the prime factors of z?
3
Suppose -3*w = -4*w - 5*g + 113, 141 = w - 2*g. What are the prime factors of w?
7, 19
Let l be 2*(10/(-4) - 1). Let h = -33 - -49. Let a = h + l. List the prime factors of a.
3
Let w(q) = q**3 + 8*q**2 - 2*q + 8. List the prime factors of w(-8).
2, 3
Suppose 0 = -x - 3*x. What are the prime factors of 3/(-1) - (x - 20)?
17
Let r(b) = -3*b**2 + 7*b + 2. Let f(s) = s**2 - s. Let j(t) = -4*f(t) - r(t). Let i(n) be the first derivative of j(n). List the prime factors of i(-4).
5
Suppose 3*w - 22 = -1. Let z = w - 5. List the prime factors of z.
2
Let f be (3/(-1))/(-1 + 0). Let i = f - 1. Suppose y + 11 = i*y. List the prime factors of y.
11
Let d(s) = s - 1. Let o be d(4). Suppose z - 12 = -o. What are the prime factors of z?
3
Suppose 2*j + 0*j - 2*b - 200 = 0, -5*j = 5*b - 470. What are the prime factors of j?
97
Let g(h) = 7*h**3 + 11*h**2 + 2*h - 3. Let l(m) = m**3 + m**2. Let b(v) = -g(v) + 6*l(v). Suppose -x = 3 + 2. What are the prime factors of b(x)?
13
Let y = 66 + -39. List the prime factors of y.
3
Let w(t) = 2*t**3 + t**2 + 7*t - 11. Let u(x) = x**3 + x**2 + 3*x - 5. Let z = -10 + 7. Let o(n) = z*w(n) + 7*u(n). What are the prime factors of o(-3)?
7
Let w be 9/(-6)*(-4)/3. Let l be (-1 - -1)*(-2)/4. Suppose l = -q - w*q + 6. List the prime factors of q.
2
Suppose 0*x + 11 = x. Let v(o) = -o + 27. What are the prime factors of v(x)?
2
Let t(l) = -l - 4. Let c be t(-3). Let n = c + 3. Suppose 13 = 2*q - 3*y, -4*q - 2*y - n*y = -56. List the prime factors of q.
11
Let y(v) = 5*v**2 - 2*v + 1. Suppose -3*i + 6 = -0. Let w be y(i). Suppose 3*d - 13 = 2*b + w, -4*b = 3*d - 30. What are the prime factors of d?
2, 5
Suppose -11*a + 2*a + 1746 = 0. What are the prime factors of a?
2, 97
Let g(x) = x**2 + 6*x + 2. Let s be ((-39)/6)/((-1)/2). Let c = s - 19. What are the p